he tens digit of 338?
3
What is the units digit of 13313?
3
What is the thousands digit of 6849?
6
What is the thousands digit of 18865?
8
What is the hundreds digit of 996?
9
What is the ten thousands digit of 35016?
3
What is the tens digit of 807?
0
What is the hundreds digit of 48062?
0
What is the ten thousands digit of 15682?
1
What is the tens digit of 45024?
2
What is the tens digit of 38596?
9
What is the tens digit of 2370?
7
What is the hundreds digit of 6956?
9
What is the thousands digit of 13834?
3
What is the units digit of 6168?
8
What is the hundreds digit of 7009?
0
What is the thousands digit of 3824?
3
What is the hundreds digit of 2526?
5
What is the units digit of 1513?
3
What is the units digit of 1286?
6
What is the tens digit of 428?
2
What is the hundreds digit of 989?
9
What is the hundreds digit of 8052?
0
What is the tens digit of 28180?
8
What is the units digit of 67533?
3
What is the hundreds digit of 9554?
5
What is the tens digit of 1316?
1
What is the thousands digit of 2881?
2
What is the ten thousands digit of 34029?
3
What is the hundreds digit of 6108?
1
What is the thousands digit of 3367?
3
What is the hundreds digit of 891?
8
What is the tens digit of 2988?
8
What is the thousands digit of 9050?
9
What is the hundreds digit of 4480?
4
What is the thousands digit of 30190?
0
What is the ten thousands digit of 44206?
4
What is the hundreds digit of 2821?
8
What is the units digit of 57695?
5
What is the units digit of 15591?
1
What is the units digit of 31327?
7
What is the ten thousands digit of 14380?
1
What is the hundreds digit of 3424?
4
What is the units digit of 971?
1
What is the ten thousands digit of 19277?
1
What is the tens digit of 1065?
6
What is the thousands digit of 15944?
5
What is the hundred thousands digit of 133775?
1
What is the tens digit of 7176?
7
What is the hundreds digit of 11514?
5
What is the thousands digit of 1082?
1
What is the tens digit of 807?
0
What is the units digit of 44?
4
What is the thousands digit of 2457?
2
What is the hundreds digit of 1669?
6
What is the hundreds digit of 190?
1
What is the thousands digit of 1800?
1
What is the hundreds digit of 38566?
5
What is the ten thousands digit of 12484?
1
What is the tens digit of 444?
4
What is the tens digit of 665?
6
What is the thousands digit of 2273?
2
What is the tens digit of 179?
7
What is the thousands digit of 2078?
2
What is the ten thousands digit of 21357?
2
What is the tens digit of 9577?
7
What is the hundreds digit of 154666?
6
What is the hundreds digit of 2179?
1
What is the thousands digit of 12225?
2
What is the tens digit of 132920?
2
What is the thousands digit of 4007?
4
What is the tens digit of 350?
5
What is the tens digit of 337?
3
What is the thousands digit of 52891?
2
What is the thousands digit of 39587?
9
What is the units digit of 126629?
9
What is the tens digit of 767?
6
What is the units digit of 65880?
0
What is the hundreds digit of 2593?
5
What is the units digit of 84829?
9
What is the tens digit of 381?
8
What is the hundreds digit of 128?
1
What is the thousands digit of 69685?
9
What is the units digit of 109?
9
What is the units digit of 64114?
4
What is the tens digit of 1350?
5
What is the thousands digit of 39190?
9
What is the units digit of 139?
9
What is the units digit of 1132?
2
What is the thousands digit of 33714?
3
What is the units digit of 713?
3
What is the tens digit of 1462?
6
What is the hundreds digit of 1427?
4
What is the hundreds digit of 29148?
1
What is the units digit of 1048?
8
What is the thousands digit of 5977?
5
What is the tens digit of 81972?
7
What is the ten thousands digit of 68860?
6
What is the thousands digit of 26261?
6
What is the hundreds digit of 41930?
9
What is the tens digit of 1951?
5
What is the thousands digit of 3246?
3
What is the tens digit of 697?
9
What is the units digit of 4313?
3
What is the hundred thousands digit of 167001?
1
What is the thousands digit of 1120?
1
What is the hundreds digit of 33487?
4
What is the hundreds digit of 543?
5
What is the hundreds digit of 847?
8
What is the tens digit of 18094?
9
What is the ten thousands digit of 22458?
2
What is the tens digit of 6479?
7
What is the hundreds digit of 1018?
0
What is the thousands digit of 4084?
4
What is the hundreds digit of 21598?
5
What is the units digit of 11988?
8
What is the ten thousands digit of 12156?
1
What is the thousands digit of 1480?
1
What is the hundreds digit of 7502?
5
What is the units digit of 3665?
5
What is the thousands digit of 1753?
1
What is the thousands digit of 9443?
9
What is the units digit of 2052?
2
What is the units digit of 1880?
0
What is the tens digit of 1602?
0
What is the units digit of 6568?
8
What is the units digit of 2709?
9
What is the thousands digit of 7962?
7
What is the units digit of 174?
4
What is the hundreds digit of 291?
2
What is the tens digit of 9846?
4
What is the units digit of 2472?
2
What is the tens digit of 895?
9
What is the units digit of 7753?
3
What is the tens digit of 19061?
6
What is the units digit of 6227?
7
What is the units digit of 1478?
8
What is the units digit of 59?
9
What is the tens digit of 6504?
0
What is the thousands digit of 6071?
6
What is the hundreds digit of 1831?
8
What is the tens digit of 2149?
4
What is the hundreds digit of 71913?
9
What is the hundreds digit of 2327?
3
What is the thousands digit of 15300?
5
What is the units digit of 12655?
5
What is the hundreds digit of 794?
7
What is the units digit of 5446?
6
What is the tens digit of 88050?
5
What is the thousands digit of 2411?
2
What is the tens digit of 1067?
6
What is the ten thousands digit of 11137?
1
What is the units digit of 38397?
7
What is the hundreds digit of 1650?
6
What is the tens digit of 1940?
4
What is the hundreds digit of 571?
5
What is the tens digit of 5985?
8
What is the thousands digit of 4007?
4
What is the ten thousands digit of 95036?
9
What is the tens digit of 353?
5
What is the units digit of 38967?
7
What is the thousands digit of 5753?
5
What is the units digit of 81869?
9
What is the ten thousands digit of 97110?
9
What is the units digit of 12?
2
What is the hundreds digit of 1050?
0
What is the tens digit of 11545?
4
What is the thousands digit of 1252?
1
What is the hundreds digit of 617?
6
What is the hundreds digit of 3352?
3
What is the hundreds digit of 435?
4
What is the hundreds digit of 399?
3
What is the thousands digit of 1558?
1
What is the tens digit of 119006?
0
What is the thousands digit of 2699?
2
What is the tens digit of 66660?
6
What is the tens digit of 1861?
6
What is the ten thousands digit of 33029?
3
What is the thousands digit of 41935?
1
What is the tens digit of 2104?
0
What is the tens digit of 342?
4
What is the tens digit of 60585?
8
What is the ten thousands digit of 67842?
6
What is the units digit of 1405?
5
What is the tens digit of 4475?
7
What is the thousands digit of 8277?
8
What is the hundreds digit of 12132?
1
What is the units digit of 1148?
8
What is the ten thousands digit of 25363?
2
What is the units digit of 2025?
5
What is the tens digit of 10068?
6
What is the units digit of 13128?
8
What is the ten thousands digit of 20345?
2
What is the units digit of 180?
0
What is the tens digit of 29007?
0
What is the tens digit of 33238?
3
What is the units digit of 526?
6
What is the units digit of 21583?
3
What is the units digit of 3130?
0
What is the tens digit of 30581?
8
What is the tens digit of 8818?
1
What is the thousands digit of 21808?
1
What is the units digit of 1741?
1
What is the units digit of 962?
2
What is the thousands digit of 4346?
4
What is the units digit of 2640?
0
What is the tens digit of 68486?
8
What is the units digit of 15232?
2
What is the units digit of 7485?
5
What is the hundreds digit of 58378?
3
What is the hundreds digit of 112?
1
What is the units digit of 26179?
9
What is the units digit of 1878?
8
What is the thousands digit of 5004?
5
What is the ten thousands digit of 40507?
4
What is the thousands digit of 8284?
8
What is the tens digit of 25079?
7
What is the thousands digit of 124575?
4
What is the tens digit of 2913?
1
What is the tens digit of 60?
6
What is the hundreds di